factor of o and g?
3
Let s(c) be the second derivative of -c**4/12 + 5*c**3/3 - 2*c**2 + c. Let q be s(9). Calculate the greatest common factor of q and 25.
5
Let g be (-4)/(-10) - 198/(-5). Let j(m) = -2*m - 2. Let r be j(-6). What is the highest common divisor of r and g?
10
Suppose 0*h + 2*h - 6 = 0. What is the highest common divisor of 12 and h?
3
Let t be (3/(-9))/((-2)/30). Suppose 3*i - 23 = -t. Calculate the highest common divisor of i and 54.
6
Suppose -2*b = 3*f - 4*f - 16, 4*f = -5*b + 53. Suppose g - b = -2*g. Let c = 5 - g. What is the greatest common divisor of 6 and c?
2
Let l(x) = -2*x + 1. Let p be l(-3). What is the highest common factor of p and 35?
7
Suppose -3*l + 60 = -45. What is the highest common factor of 5 and l?
5
Suppose -2*w - a + 27 = 0, 5*a + 21 = -4*w + 78. Let f(t) = t**2 - 7. Let r be f(-3). Let y be 4*(r + 2 + 9). Calculate the highest common factor of y and w.
13
Let z be 5/(-30) - (-818)/12. What is the highest common factor of z and 17?
17
Let z = -42 - -44. What is the highest common divisor of 16 and z?
2
Let m be (20/(-2))/((-7)/((-105)/(-6))). What is the greatest common divisor of 25 and m?
25
Suppose z - 4 = 0, 2*f + 4*z + 24 = 190. Calculate the highest common divisor of f and 15.
15
Let z(j) = 3*j**2 + 3*j + 1. Let k be z(-2). What is the highest common factor of k and 1?
1
Let m(b) = -4*b**3 - b**2 + 3*b - 1. Let z be m(-2). Calculate the greatest common divisor of 14 and z.
7
Suppose 2*d - 31 = 5*s, 14 = 4*d + 3*s - 9. What is the highest common factor of d and 8?
8
Let b be (1 - (-1 - -3))*-19. Let u = -3 + 5. Suppose -u*p - p = -114. Calculate the greatest common divisor of b and p.
19
Let p(f) = 2*f**2 + 3*f - 9. Let d be p(9). What is the highest common divisor of 20 and d?
20
Let u(o) = -11*o - 1. Let a = 1 + -3. Let h be u(a). Suppose w - 143 = 4. What is the greatest common divisor of h and w?
21
Let s = -353 + 523. Calculate the greatest common factor of s and 34.
34
Suppose 0 = -o - 4, -524 = -2*i - o + 4*o. What is the greatest common divisor of i and 32?
32
Let w be (14/(-3))/(6/(-27)). Let j be 219/12*2*2. Suppose -4*n + j = w. What is the highest common factor of 91 and n?
13
Let m be -14*1/2*-1. Suppose 136 = 4*g - v, v = -0*v + 4. Calculate the highest common factor of m and g.
7
Let u(t) = t**3 + 6*t**2 - 8*t - 7. Let x be u(-6). Suppose l + 29 = 2*l. Let h = x - l. Calculate the greatest common divisor of 8 and h.
4
Let f(m) = m**2 - 8*m + 6. Suppose -2*t = -z - 6*t + 12, -4*z = -t - 14. Let w be f(z). Let p = w + 14. What is the greatest common divisor of 10 and p?
2
Suppose -8 = 3*y - 17. What is the highest common factor of 6 and y?
3
Suppose 0 = 3*j - 6*j + 21. Suppose v - 2*v = -14. What is the greatest common divisor of j and v?
7
Suppose 5*g = -97 + 377. What is the highest common factor of 84 and g?
28
Let z = 7 - 1. Let q = 7 + z. Calculate the greatest common divisor of 52 and q.
13
Suppose 5*b - 5*q - 9 = 16, 2*b + 5*q + 4 = 0. Suppose 0 = 2*n + j - 38, 0*j - 39 = -3*n + b*j. What is the highest common divisor of 51 and n?
17
Suppose 5*i = -3*u + 52, 4*i - 6 = i. Let w = 3 - 1. Calculate the highest common factor of w and u.
2
Let r(l) = 58*l**2 + 2*l. Let m be r(-1). What is the highest common factor of m and 14?
14
Suppose 0 = 16*j - 15*j - 10. Let q be 1/3 + 87/9. What is the greatest common factor of q and j?
10
Let a(x) = -3 + 4 + 5*x**2 + 6*x + 0. Let h be a(-5). Let i = 28 + -16. Calculate the greatest common factor of h and i.
12
Let y = -181 + 80. Let l = y + 245. Calculate the greatest common factor of 18 and l.
18
Let f(k) = k + 3. Let b be f(-5). Let x be (6 + 14)*b/(-4). Suppose v - 4*u + 10 = 0, 11 + 14 = 2*v + u. What is the greatest common divisor of v and x?
10
Let u(s) = -s + 25. Let r(n) = -8. Let l(o) = -8*r(o) - 3*u(o). Let i be l(7). What is the highest common divisor of i and 15?
5
Suppose 0*j + 2*j - 224 = 0. Calculate the greatest common factor of 16 and j.
16
Let f = -94 + 104. Suppose -3*h - 2 = 2*r, 4*r - h - 16 = -2*h. Calculate the highest common factor of r and f.
5
Let m = 16 - 15. Suppose -6 = -j - m. What is the greatest common factor of 5 and j?
5
Let r(w) = w**3 + 13*w**2 - w + 5. Let b be r(-13). What is the highest common factor of 18 and b?
18
Let q(z) = -z - 6. Let n be q(-8). Let f be 80/(5 - 3) + n. Let v(c) = 22*c**3 - 2*c + 1. Let u be v(1). What is the highest common factor of f and u?
21
Suppose -5*g - 5*l = -14 - 26, -3*g = -2*l - 19. Let u = g + 4. Calculate the greatest common divisor of 22 and u.
11
Suppose -4*d - 3*r + 83 = -2*d, 0 = 2*d + 5*r - 85. Let k = -8 - -3. Let b = k - -15. Calculate the greatest common factor of b and d.
10
Let g be 6608/44 - (-4)/(-22). Calculate the highest common divisor of g and 60.
30
Let d(z) = z + 6. Let p be d(0). Suppose x = 4*l + 58 + 4, -262 = -4*x + 2*l. What is the greatest common divisor of p and x?
6
Let u(m) = 6*m + 3. Suppose -6*p + 5*x + 5 = -p, 0 = -p - x + 3. Suppose -6 = p*v - 22. Let i be u(v). Calculate the highest common divisor of i and 34.
17
Suppose m + 1716 = 4*m. Let j be m/18 + 2/9. Suppose 5*y + 11 = 31. Calculate the greatest common divisor of y and j.
4
Let a = 43 - 24. Calculate the greatest common factor of a and 209.
19
Let s = 73 + 63. Let z = s + -38. Calculate the greatest common divisor of 14 and z.
14
Let z(h) = h**2 + 2*h + 13. Let k be z(0). Calculate the greatest common factor of 39 and k.
13
Suppose 3*w - 4*h = -2*w + 70, -3*h = 2*w - 5. Let v = 13 + -7. Let s(p) = -p**2 + 6*p + 5. Let l be s(v). Calculate the greatest common factor of w and l.
5
Suppose -5*r + 43 = -2*r - 5*a, 5*r - 4*a = 50. Calculate the highest common divisor of r and 2.
2
Let q be 50/(-6)*-3 - 0. What is the highest common factor of q and 325?
25
Suppose 0 = 2*p - 3*p - 4*a + 50, -a + 155 = 5*p. Suppose 4*m - 8 = -4*v - 0, 5*v + 14 = -m. Calculate the highest common factor of m and p.
6
Let k(q) = q**2 + 6*q + 5. Let s be k(-7). Let f be 14 + 0*4/s. Suppose 0 = -2*l - 2*y + 38, -51 = -2*l - 2*l + y. What is the highest common factor of f and l?
14
Let m(u) = u**2 + 12*u + 3. Let o be m(-21). What is the highest common factor of 24 and o?
24
Suppose 2*z - 5*r = -z + 61, 3*z = 3*r + 69. Let w = -10 - -28. Calculate the highest common divisor of z and w.
9
Let v be 2/(1/((-1)/(-2))). Let w(r) = 32*r. Let o be w(v). Calculate the highest common factor of o and 80.
16
Suppose 0 = 5*w + 2*a - 44, 5*a = -5*w + 9 + 26. What is the greatest common divisor of 70 and w?
10
Let o(g) = 1 - 3 - 2 + 2 - 3*g. Let m be o(-2). Calculate the greatest common divisor of m and 8.
4
Let i = 27 + -17. Suppose -8*y + 4*c = -3*y - 166, -94 = -3*y + c. What is the highest common divisor of i and y?
10
Let t(v) = 3*v**2 + 1. Suppose -3*z = -2*w + 11, -z + 2*z = -3*w. Let n be t(w). Suppose k - n*k + 63 = 0. What is the greatest common factor of 7 and k?
7
Suppose 5*u = 10, -u - 21 = c - 0*c. Let i = c + 36. What is the greatest common factor of i and 65?
13
Let h(y) = -3*y + 3. Let t be h(3). Let o be (28/t)/((-2)/15). Let a be -1 + (2/2 - -7). Calculate the highest common factor of o and a.
7
Suppose 3*f + 2*f - 421 = n, 3*f + n = 251. What is the highest common factor of 24 and f?
12
Let q be 19 + -6 + 3/1. What is the greatest common divisor of q and 32?
16
Let f be 9*(2 - 10/6). Let i = f + 4. What is the greatest common divisor of i and 42?
7
Suppose 4*r = -3*s + 453, 4*s - 548 = -3*r - 210. Calculate the greatest common divisor of 19 and r.
19
Suppose 34 + 86 = 2*b. Calculate the greatest common factor of 24 and b.
12
Let i be -1 + 1 + -2*5/(-1). What is the highest common factor of i and 80?
10
Let x be (104/(-12))/(8/(-36)*1). What is the highest common factor of x and 13?
13
Let g = -2 - -8. Suppose g*l - 2*l + 60 = 2*u, -183 = -5*u - l. Let q be (18/(-45))/(2/(-20)). What is the greatest common divisor of u and q?
4
Suppose 0 = 4*k - 40 - 20. Calculate the highest common factor of k and 15.
15
Let o = 18 - 6. Let q = o - 1. Calculate the highest common divisor of 55 and q.
11
Let j(d) = 33*d. Let u be j(-1). Let p be u/(-5) - 12/(-30). Calculate the highest common factor of p and 35.
7
Suppose -5*r + 238 = -62. What is the highest common divisor of r and 15?
15
Let o(b) = 28*b - 7. Suppo